of 15031830?
0
What is the ten thousands digit of 371793?
7
What is the units digit of 63706?
6
What is the hundreds digit of 26597?
5
What is the ten thousands digit of 211657?
1
What is the tens digit of 110639?
3
What is the ten thousands digit of 2428375?
2
What is the ten thousands digit of 7668594?
6
What is the tens digit of 546158?
5
What is the thousands digit of 2299104?
9
What is the millions digit of 5911937?
5
What is the thousands digit of 333136?
3
What is the units digit of 3698121?
1
What is the hundreds digit of 7477471?
4
What is the thousands digit of 9237276?
7
What is the hundred thousands digit of 609518?
6
What is the units digit of 2261472?
2
What is the hundreds digit of 56021?
0
What is the hundreds digit of 646965?
9
What is the units digit of 10516701?
1
What is the hundreds digit of 707011?
0
What is the millions digit of 3021255?
3
What is the thousands digit of 1006909?
6
What is the tens digit of 614906?
0
What is the ten millions digit of 41691003?
4
What is the hundred thousands digit of 1255549?
2
What is the hundred thousands digit of 510803?
5
What is the thousands digit of 319162?
9
What is the units digit of 3745391?
1
What is the thousands digit of 7118319?
8
What is the units digit of 693817?
7
What is the units digit of 1215162?
2
What is the ten thousands digit of 3090742?
9
What is the ten thousands digit of 5961325?
6
What is the thousands digit of 771117?
1
What is the hundreds digit of 6093158?
1
What is the thousands digit of 235397?
5
What is the units digit of 1079478?
8
What is the hundreds digit of 376061?
0
What is the tens digit of 19555596?
9
What is the thousands digit of 3552850?
2
What is the ten millions digit of 17705010?
1
What is the thousands digit of 6594?
6
What is the units digit of 494429?
9
What is the hundreds digit of 1465204?
2
What is the hundreds digit of 1892342?
3
What is the tens digit of 613399?
9
What is the hundreds digit of 268096?
0
What is the units digit of 322577?
7
What is the hundred thousands digit of 395663?
3
What is the units digit of 354723?
3
What is the hundreds digit of 341425?
4
What is the millions digit of 10295662?
0
What is the units digit of 307256?
6
What is the hundreds digit of 12724687?
6
What is the tens digit of 307866?
6
What is the tens digit of 165499?
9
What is the hundreds digit of 568208?
2
What is the millions digit of 4628818?
4
What is the ten thousands digit of 97407?
9
What is the tens digit of 21732730?
3
What is the hundred thousands digit of 902660?
9
What is the ten thousands digit of 2947218?
4
What is the ten thousands digit of 3054387?
5
What is the units digit of 176395?
5
What is the units digit of 668242?
2
What is the hundreds digit of 382630?
6
What is the hundreds digit of 420357?
3
What is the ten thousands digit of 168363?
6
What is the ten thousands digit of 1330094?
3
What is the tens digit of 118361?
6
What is the units digit of 36479?
9
What is the hundred thousands digit of 486781?
4
What is the ten thousands digit of 1585619?
8
What is the millions digit of 21669035?
1
What is the hundred thousands digit of 605069?
6
What is the thousands digit of 231819?
1
What is the hundred thousands digit of 103692?
1
What is the hundred thousands digit of 3140107?
1
What is the millions digit of 38806442?
8
What is the hundreds digit of 4248264?
2
What is the hundreds digit of 4809648?
6
What is the millions digit of 5566043?
5
What is the thousands digit of 790419?
0
What is the hundred thousands digit of 17150940?
1
What is the millions digit of 3779744?
3
What is the ten thousands digit of 2149401?
4
What is the tens digit of 2978259?
5
What is the units digit of 563415?
5
What is the millions digit of 1320784?
1
What is the hundred thousands digit of 6190813?
1
What is the thousands digit of 367868?
7
What is the ten thousands digit of 330290?
3
What is the tens digit of 201260?
6
What is the hundred thousands digit of 1123547?
1
What is the units digit of 53680?
0
What is the millions digit of 6163720?
6
What is the hundreds digit of 368145?
1
What is the tens digit of 19454031?
3
What is the thousands digit of 641270?
1
What is the hundreds digit of 332607?
6
What is the tens digit of 18789866?
6
What is the hundred thousands digit of 16193520?
1
What is the ten thousands digit of 3816175?
1
What is the units digit of 12026075?
5
What is the hundreds digit of 38340870?
8
What is the ten thousands digit of 5476268?
7
What is the ten thousands digit of 3590659?
9
What is the tens digit of 858452?
5
What is the ten thousands digit of 6079084?
7
What is the thousands digit of 450247?
0
What is the hundred thousands digit of 4904255?
9
What is the units digit of 1586972?
2
What is the thousands digit of 3170331?
0
What is the tens digit of 228740?
4
What is the thousands digit of 1130134?
0
What is the hundreds digit of 16463955?
9
What is the hundred thousands digit of 1910275?
9
What is the millions digit of 1634025?
1
What is the tens digit of 2310803?
0
What is the tens digit of 13114722?
2
What is the hundreds digit of 5765101?
1
What is the hundreds digit of 4941?
9
What is the units digit of 677549?
9
What is the millions digit of 13309987?
3
What is the tens digit of 3828415?
1
What is the units digit of 171631?
1
What is the tens digit of 7860?
6
What is the hundreds digit of 467291?
2
What is the hundred thousands digit of 872512?
8
What is the units digit of 884353?
3
What is the hundred thousands digit of 962757?
9
What is the units digit of 15306013?
3
What is the units digit of 124512?
2
What is the thousands digit of 13554676?
4
What is the hundred thousands digit of 238176?
2
What is the thousands digit of 1078651?
8
What is the tens digit of 28629388?
8
What is the tens digit of 72526?
2
What is the tens digit of 53827?
2
What is the units digit of 97676?
6
What is the thousands digit of 1944527?
4
What is the units digit of 12781785?
5
What is the units digit of 1819635?
5
What is the millions digit of 3906857?
3
What is the units digit of 288634?
4
What is the ten thousands digit of 368948?
6
What is the hundreds digit of 664537?
5
What is the thousands digit of 2523072?
3
What is the units digit of 432627?
7
What is the thousands digit of 10638032?
8
What is the thousands digit of 87319?
7
What is the hundreds digit of 1702025?
0
What is the units digit of 578130?
0
What is the ten thousands digit of 23258522?
5
What is the hundred thousands digit of 2953696?
9
What is the hundreds digit of 1075899?
8
What is the units digit of 771862?
2
What is the millions digit of 5936610?
5
What is the tens digit of 745956?
5
What is the tens digit of 949960?
6
What is the thousands digit of 10006620?
6
What is the thousands digit of 2096553?
6
What is the units digit of 151056?
6
What is the tens digit of 222460?
6
What is the units digit of 111617?
7
What is the hundreds digit of 1191160?
1
What is the thousands digit of 1372845?
2
What is the units digit of 673755?
5
What is the hundreds digit of 125213?
2
What is the tens digit of 595211?
1
What is the millions digit of 6909846?
6
What is the tens digit of 651255?
5
What is the hundreds digit of 2393706?
7
What is the hundreds digit of 18168?
1
What is the ten millions digit of 35547062?
3
What is the tens digit of 486170?
7
What is the units digit of 49924?
4
What is the thousands digit of 87504?
7
What is the units digit of 1187588?
8
What is the tens digit of 1792328?
2
What is the units digit of 4387075?
5
What is the hundred thousands digit of 20586960?
5
What is the millions digit of 1823387?
1
What is the hundreds digit of 17982960?
9
What is the ten thousands digit of 175910?
7
What is the ten thousands digit of 350732?
5
What is the units digit of 3879283?
3
What is the millions digit of 3800116?
3
What is the thousands digit of 18317899?
7
What is the thousands digit of 4416135?
6
What is the tens digit of 7101998?
9
What is the hundreds digit of 12086239?
2
What is the thousands digit of 210975?
0
What is the tens digit of 197596?
9
What is the units digit of 2910440?
0
What is the hundreds digit of 3014217?
2
What is the ten thousands digit of 36856?
3
What is the thousands digit of 3804783?
4
What is the hundreds digit of 97165?
1
What is 